 factors of t.
2, 5
Suppose -4*n = -8 - 60. Suppose 5 = -t + n. List the prime factors of t.
2, 3
Suppose 2*n + 3*n = 0, -4*p + 3*n = -200. Suppose 4*i + t = 25, 4*i - 3*t - 2 = 3. Suppose 4*l - 16 - 14 = -2*x, 0 = 5*x + i*l - p. List the prime factors of x.
5
Let n(s) = 6*s**2 - 2*s - 1. Let w be n(-1). Let f(g) = g**2 - 2*g - 70 + 62 - 3*g. What are the prime factors of f(w)?
2, 3
Suppose -o - 64 = 4*g - 416, -g + 107 = 5*o. List the prime factors of g.
3, 29
What are the prime factors of (231/(-28))/(1/(-4))?
3, 11
Let j be 0/((-1)/(-1)) + 2. Suppose 2*n + 22 = 4*n + 2*l, 43 = 5*n + j*l. List the prime factors of n.
7
Let i = 4 - 2. Suppose 11 = i*w - 31. List the prime factors of w.
3, 7
Let c(b) = 14*b - 36. What are the prime factors of c(20)?
2, 61
Suppose 2*h = -15 + 1. Let m(n) = -4*n**2 - 5*n + 1. Let r(b) = 9*b**2 + 11*b - 2. Let c(v) = h*m(v) - 3*r(v). What are the prime factors of c(-4)?
7
Suppose 15 = -5*y, -t - 4*y = -y - 71. List the prime factors of t.
2, 5
Let f = -1 - -44. Suppose -17 = -3*r + f. What are the prime factors of r?
2, 5
Suppose -3*v = 5*n - 38, 2*n - 5*v = 18 - 9. Suppose 4*i - 9*i = -5*b + 15, 5*b = 2*i + 18. Let a = n + i. List the prime factors of a.
2
Let c be ((-2)/(-3))/((-2)/6). Let y be 6/(-4)*(c + -6). Suppose y = m + 2*m. What are the prime factors of m?
2
Suppose -108 = -4*w + 2*j, -3*w - w + 3*j = -106. What are the prime factors of (-30)/(-7) + (-8)/w?
2
Let a(s) = 20*s**2 - 6*s - 6. What are the prime factors of a(-2)?
2, 43
Let y(u) = -u + 6. Let w be y(4). Suppose -5*b + 3*b - w = 0. Let v(x) = 6*x**2 - x - 1. List the prime factors of v(b).
2, 3
Suppose 33 = 4*s - 11. Let m(t) = -t**2 - 11*t + 5. Let b be m(-12). Let g = b + s. What are the prime factors of g?
2
Suppose -52 = -2*t + 2*v, -4*t - 4*v + 66 = -22. What are the prime factors of t?
2, 3
Let t be 135/(-18)*(-16)/6. Suppose -3*y + 12 = 2*c, c - 5*c - t = -5*y. What are the prime factors of y?
2
Suppose -2*t + 3*t - 11 = 0. Suppose 2*k - 2*f - f = 32, k + f - t = 0. What are the prime factors of k?
13
Suppose -2*q = 4*c - 46, -4*c + 0*c = 0. What are the prime factors of q?
23
Let q(y) = -10*y + 29*y**2 + 4 - 30*y**2 + 2. Let h be q(-10). List the prime factors of 16*2/h*3.
2
Suppose -4 = -q - 3*o - 14, 5*o = -2*q - 15. Suppose 5*h + q*f = f + 70, -25 = -3*h + f. What are the prime factors of h?
2, 5
Suppose 4 = -2*t - 5*y, t + 2*y - 24 = -3*t. List the prime factors of (t + -6)*(-13)/(-2).
13
Let w(z) be the second derivative of z**4/6 + 7*z**3/6 + 3*z**2/2 + 8*z. List the prime factors of w(-6).
3, 11
Suppose -3*f + 7 = -5. Let g = f + 11. Suppose 3*t = -0*t + g. What are the prime factors of t?
5
Suppose -1 = -p + 2. Suppose -4*z - 9 - 7 = 5*j, 0 = -4*j + z + 4. Suppose p*h + h - 36 = j. What are the prime factors of h?
3
Suppose 0 = 3*u + 2*u + 25. Let k(r) = r**2 + 4*r - 2. List the prime factors of k(u).
3
Let t(u) = -u - 10. Let j be t(-15). Suppose -2*v = -5*l + 58, 55 - 5 = 3*l - j*v. List the prime factors of l.
2, 5
Let m(q) = 9*q**2 - q - 2. What are the prime factors of m(2)?
2
Let u(s) = s**2 + 5*s - 9. What are the prime factors of u(7)?
3, 5
Suppose 0*p - 171 = -3*p + 2*d, 0 = p - 2*d - 61. What are the prime factors of p?
5, 11
Suppose 4*r = 2*u - 16, -2*u + 4*r + 13 = 3*r. Let d(t) = t**2 - 3*t - 2. Let j be d(4). What are the prime factors of (-111)/(-9) - j/u?
2, 3
Suppose 4*p = 8 - 0. Let g be (p - 2) + -1 + 1. Suppose -5*z + i + 42 = g, 4*z + 4*i - 18 = 30. What are the prime factors of z?
3
Let z = 6 - 2. Suppose -2*r + 36 = -r. Suppose z*g = r - 0. What are the prime factors of g?
3
Let f = -87 + 135. What are the prime factors of f?
2, 3
List the prime factors of (-4)/(-1) + (6 - -3 - -145).
2, 79
Let d = -12 + 36. Suppose d = 5*n - 4*n + 4*i, 0 = 3*n - i - 7. List the prime factors of n.
2
Let j(f) = -f**2 - 7*f - 2. Let c be j(-5). Suppose -2*w = 9 - 51. Let l = w - c. What are the prime factors of l?
13
Suppose -5*w = -3*d + 129 + 106, -90 = -d + 4*w. What are the prime factors of d?
2, 5, 7
Suppose 3*r - 6 = 6*r, 0 = 5*x - r - 1312. What are the prime factors of x?
2, 131
Suppose 0 = 14*j - 10*j - 220. List the prime factors of j.
5, 11
Let b(w) = -4*w - 11. Let c be b(-5). List the prime factors of 63/5 - c/15.
2, 3
Suppose -3*s = 12, -5 = 5*y - 2*y + 2*s. Let a = y + -12. Let l = 3 - a. What are the prime factors of l?
2, 7
Suppose 12 = 3*d + w, -5*d + 20 = 3*w - 4*w. Suppose d*q = 20 + 76. What are the prime factors of q?
2, 3
Let z = -8 - -4. Let l be 175/(-14) + 1/2. Let p = z - l. What are the prime factors of p?
2
Let u be 5/2 - 1/2. Let l = -2 - u. Let j = l + 6. What are the prime factors of j?
2
Let f = -4 + -5. Let o(g) = g**2 + 6*g - 7. Let v be o(f). Suppose -v = 4*d - 6*d. What are the prime factors of d?
2, 5
Suppose 112 - 441 = -7*d. List the prime factors of d.
47
Let f be ((-5)/10)/((-1)/14). What are the prime factors of 1368/42 - (-3)/f?
3, 11
Let b = -146 + 325. List the prime factors of b.
179
Let j = 263 + -187. Suppose -4*w + j = 28. What are the prime factors of w?
2, 3
Suppose -2*w - 17 = 3*x, 2*x + 27 = -2*w - 3*x. List the prime factors of (-8)/(w + 2 + -2).
2
List the prime factors of (-4008)/(-18)*3/2.
2, 167
Suppose 0*l = 4*l - 36. Suppose 5*k - 4*p = -2*p - 10, -k - 5*p - 29 = 0. Let z = k + l. What are the prime factors of z?
5
Suppose -5*k + 54 = -4*k. List the prime factors of k.
2, 3
Suppose 3*g - 351 - 108 = 0. What are the prime factors of g?
3, 17
Let x = -7 - -7. Suppose x = -0*h - 5*h + 30. What are the prime factors of (6/4)/(h/64)?
2
What are the prime factors of (138/(-10))/(((-18)/(-30))/(-3))?
3, 23
Suppose 5*g - 34 = -4*a, -4*g - a = -2*a - 44. What are the prime factors of g?
2, 5
Let x(g) = g**3 + g**2 + g. Let w be x(0). Let b = 2 - w. Suppose -o = b*r - 8, -3*o + 3*r + 21 = o. List the prime factors of o.
2, 3
Let w = -7 - -7. What are the prime factors of 2*(9/2 - w)?
3
Let h = -7 + 6. List the prime factors of 4*h/(-2) + 16.
2, 3
Suppose -13*s + 245 = 63. What are the prime factors of s?
2, 7
Suppose 3*w - w = 4*g + 20, -6 = -2*g. Suppose -4*b = -b - 69. Let m = b - w. List the prime factors of m.
7
Let j(k) = 9*k**2 + 6*k + 1. List the prime factors of j(4).
13
Let m be 5/(-4)*-2*12. Let k = -12 + m. List the prime factors of k.
2, 3
Let z(u) = u**2 + 7*u + 13. What are the prime factors of z(-10)?
43
Let r(w) = -w**3 + 10*w**2 + 8. Suppose d - 3 = -5*t + 2*d, 7 = 3*t + 2*d. Suppose -t = 5*f - 51. What are the prime factors of r(f)?
2
Suppose 0 = -0*d + 4*d - 188. List the prime factors of d.
47
Let v = -33 + 52. Let r = v + 7. Let m = r + -3. What are the prime factors of m?
23
Let g(v) = v + 20. Let l(d) = 1. Let m(z) = 2*g(z) - 4*l(z). What are the prime factors of m(0)?
2, 3
Suppose -4*h + h + 4*c + 7 = 0, 5*c = h + 16. Suppose -j - z = 0, 4*j + 2*z - 3 = -h. What are the prime factors of j/(-3) - 2 - -14?
13
Suppose 0 = -2*d - 2*d. Suppose s = -4*z + 219, 0 = -4*z + 3*s + 230 + 9. Suppose -5*g + 0*i + i + z = d, 2*g + 3*i - 36 = 0. What are the prime factors of g?
2, 3
Let j = -64 - -83. What are the prime factors of j?
19
Let q(c) = -2*c - 2. List the prime factors of q(-11).
2, 5
Let b = 8 - 6. Let t be b/8 + (-39)/(-4). Let s = -8 + t. What are the prime factors of s?
2
Suppose 138 = 4*k - 2*d, -5*d + 74 = 4*k - 43. Suppose -k = -2*t + 5. List the prime factors of t.
19
Let z be (2/(-4))/((-2)/16). Suppose -2*p - 56 = -0*u - z*u, u - 5*p = 14. List the prime factors of u.
2, 7
Let t = 113 + -66. What are the prime factors of t?
47
Let g(n) = 3*n + 6. Let h be g(-4). Let a = 0 + 2. List the prime factors of a*-1*(h - 0).
2, 3
Let f(l) = -4*l - 9. Let p be f(-8). Let h = p + -11. List the prime factors of h.
2, 3
Let s(h) = h**2 - 1. List the prime factors of s(-3).
2
Suppose -5 = 2*l - 39. Let u = l + -10. List the prime factors of u.
7
Let b(y) = 151*y**2 + 6*y - 5. List the prime factors of b(1).
2, 19
Suppose -b = -0*b - 1. Let w = b + 1. Suppose 0 = -h - w*h + 48. What are the prime factors of h?
2
Suppose -3*p - 2*p + 105 = 3*s, -5*p - 15 = -s. What are the prime factors of s?
2, 3, 5
Suppose -634 = -3*b - 238. Suppose s + 3*s = b. What are the prime factors of s?
3, 11
Let c(d) = -d**3 - 13*d**2 - 13*d - 1. What are the prime factors of 